e 24 = -g*q + 8. Let o(f) = -3*f**2 - 5*f - 2. Let j(h) = 4*h**2 + 6*h + 1. Let u(z) = 2*j(z) + 3*o(z). Determine u(q).
-8
Suppose 20 = -10*f + 5*f. Let r = 0 - f. Let d(k) be the first derivative of -k**2/2 + k + 14. Give d(r).
-3
Let y(c) = -c**3 + 3*c**2 - 4*c + 3. Suppose -2*s - 2*b + 10 = 0, -s - b + 13 = 2*b. Suppose 0 = 3*a - 7 + s. Give y(a).
-1
Let y(s) = -7*s**2 - 9*s + 13. Let o(l) = -4*l**2 - 4*l + 7. Let i(m) = -5*o(m) + 3*y(m). Calculate i(-6).
10
Let c(j) be the third derivative of 1/24*j**4 + 0*j + 3*j**2 - j**3 + 0. What is c(-6)?
-12
Let i(p) = -p**2 - 2*p - 1. Suppose k = 4*n + 7 + 10, -3*n - 4 = k. Determine i(n).
-4
Suppose -2*z = 5*h + 18, -18 = 4*z - 3*h + 4*h. Let k(j) = 2*j**2 + 5*j - 2. What is k(z)?
10
Let r = -2 + 5. Let u be (-2)/(-5) + r/5. Let p(z) = 2 + u - 2 + 7*z. What is p(1)?
8
Suppose 3*h - i + 46 = 0, 2*i + 0 = -4. Let x = h - -10. Let r(l) = -3*l - 9. Determine r(x).
9
Let u(g) = -86*g - 85*g + 3 + 170*g. Calculate u(-3).
6
Let y(j) = j**2 - 2*j. Let o be (2/(-6))/((-2)/(-18)). Let a be (0 - o/3) + 3. Determine y(a).
8
Let y = 3 - 0. Let j(u) be the second derivative of -u**4/12 + 2*u**3/3 + u**2/2 - 5*u - 1. What is j(y)?
4
Let h(b) = -1. Let k(d) = -2 - 2*d + d - 9. Let q be (15/(-6))/(5/10). Let f(l) = q*h(l) + k(l). Give f(5).
-11
Let p(f) = f**3 - 7*f**2 + 7*f - 7. Suppose -3 = 4*n - 27. Determine p(n).
-1
Let b(v) be the first derivative of v**4/4 - 4*v**3/3 + v**2/2 + 3*v + 2. Let f be (1 - -7)/(-2) + -23 + 31. Calculate b(f).
7
Let p(q) = q**3 + 2*q**2 - 5*q - 4. Let u = -5 + 2. Calculate p(u).
2
Suppose -1 = -0*j - j. Let n(d) be the first derivative of 3 + 5/3*d**3 + 0*d**2 + 0*d. Calculate n(j).
5
Let h be (-2)/(-1)*(-6 + 4). Let z(n) = n**3 + 5*n**2 + 5*n + 1. Calculate z(h).
-3
Let m(b) = -1 - 15*b + 12*b + 4*b + 5*b. Let n = -4 - -5. Determine m(n).
5
Let f(d) = -d**3 - 3*d**2 - 2*d - 3. Let u be (0 + (0 - -1))*-3. Let g = u - -3. Let p = -2 - g. Determine f(p).
-3
Suppose 19 = -3*r - 5*a, 0 = -3*r + 5*a + 13 + 18. Let u(g) = r*g + 15 - 10 + 2*g - g. Determine u(-4).
-7
Let v(h) = -h**2 + h + 1. Suppose -5*i + 2*i - 2*x + 42 = 0, 2*x = 2*i - 18. Let q = i - 15. What is v(q)?
-11
Let t(o) = -o**3 + 8*o**2 - 6*o - 8. Let g be (-6)/(-4) + (-11)/(-2). Determine t(g).
-1
Let a be (0*2/(-4))/2. Let f be 7*1 + 1/(-1). Let h(m) = -2*m**2 - 9*m - 1. Let o(b) = b**2 + 5*b. Let d(z) = f*h(z) + 11*o(z). Calculate d(a).
-6
Let r(i) = -i**3 - 4*i**2 - i - 1. Let l = -25 + 22. Calculate r(l).
-7
Let k(x) = -4*x - 8. Let i(c) = -3*c - 7. Let o(g) = -7*i(g) + 6*k(g). Calculate o(-1).
4
Let c(k) be the second derivative of k**5/60 + k**4/24 - k**3 + 3*k. Let l(h) be the second derivative of c(h). Calculate l(-2).
-3
Let y(k) = k**3 + 6*k**2 + k. Let h = -13 - 1. Let a = h - -10. Let l = a + -2. Calculate y(l).
-6
Suppose -2*x = -34 + 16. Let f(p) = p - 6. Determine f(x).
3
Suppose 3*y + 5*f + 4 = 0, 0 = 2*y - f - f + 8. Let i(d) = -d**2 + 8*d - 4. Let z(n) = n**2 - 7*n + 4. Let m(l) = y*i(l) - 4*z(l). Calculate m(3).
-1
Let o(r) = -r. Let j(f) be the third derivative of 5*f**4/24 - 4*f**3/3 - 2*f**2. Let u(z) = -j(z) - 6*o(z). What is u(-7)?
1
Let p(k) = -k**3 - 4*k**2 - 2*k - 1. Suppose 14*n - 10*n = -16. Calculate p(n).
7
Let i(m) = -m**3 - 9*m**2 - 2. Let v be i(-9). Let p be (-114)/(-27) + v/9. Suppose 0 = o + p*o. Let h(u) = u**2 - u + 5. Give h(o).
5
Let t(y) = 2*y**2 - 65*y + 4 + 31*y + 34*y. What is t(3)?
22
Let y(b) = b + 10. Let q(a) = 8*a**3 + 0*a**2 + 3*a**2 - 5*a**2 - 9*a**3 + 3*a. Let o be q(-3). Give y(o).
10
Let k(d) = d**3 + 4*d**2 + d + 3. Let f = 68 + -48. Let u = -14 + f. Suppose u*c + 20 = c. Determine k(c).
-1
Let r(d) = -2*d + 7. Let g(x) = 9*x + 2. Let p be g(1). Let j(t) = -t**3 + 2*t**2 + t. Let k be j(3). Let s = p + k. Determine r(s).
-3
Let b(s) = s**3 - s**2 + 2*s. Let v(l) = l**2 + 2*l - 2. Let f be v(0). Give b(f).
-16
Let b(h) = -5*h. Let d = -2 + 5. What is b(d)?
-15
Let h(q) = -2*q - 1. Suppose -2*a + 0*n + 20 = 4*n, 0 = -2*a - 2*n + 12. Suppose 5*p - a = 3*p. Determine h(p).
-3
Let d(z) = 14*z**2 - 15*z - 20. Let t(i) = 5*i**2 - 5*i - 7. Let s(g) = -6*d(g) + 17*t(g). Give s(-5).
1
Let y(u) = 8*u. Let h(v) = -v**3 + 3*v**2 - 5*v + 5. Suppose -3*d - 6 = 3*b, -b = -2*d + 5*d + 10. Let m be h(b). Calculate y(m).
-8
Suppose 4*c - 20 = -2*l, -36 = -4*l + c + 4. Let s(u) = 4*u**2 - l*u**2 - 5 + 4. Give s(1).
-7
Suppose 0 = 6*k - 4*k + 12. Let o(f) = 3*f. Give o(k).
-18
Let w = -17 + 21. Let u(k) = -4 - k**3 + w + 0*k + k - 5*k**2 + 4. Let y = -9 - -4. Give u(y).
-1
Suppose -26 = -11*s + 40. Let x(h) = -8 + 4*h + h - 3*h. Determine x(s).
4
Let n(m) = m**3 + 4*m + 10*m**2 - 4 + 0*m**3 - 4*m**2. Calculate n(-5).
1
Let o(g) = -g**3 + 3*g**2 + g. Let a(u) = -u - 9. Let d be a(-10). Suppose 3*s = -2*y + 4*s - d, 17 = -4*y + 5*s. Give o(y).
6
Let c(d) = d**3 - 4*d**2 + 2*d - 4. Suppose p + 0*p - 5 = 5*y, -15 = -5*y + 5*p. Let s(g) = g**2 - g - 2. Let t be s(y). Determine c(t).
4
Let l(q) be the second derivative of 1/60*q**5 + 0 + 0*q**4 - 1/6*q**3 + 0*q**2 + q. Let n(v) be the second derivative of l(v). Calculate n(3).
6
Let s(m) = -m**2 + 9*m + 13. Let b be s(10). Let g(x) = 5*x**2 + 7 - 2*x - 1 - 2*x**b + x**3. Suppose 11 = 4*o - 9. What is g(o)?
-4
Let j(x) = -x + 8. Let m be j(4). Let d(n) be the third derivative of 0*n - n**2 + 0 + 1/12*n**m - 2/3*n**3. Calculate d(4).
4
Let q(n) = 10 + n + n**3 + 17*n**2 - 17*n**2. Let j(w) be the second derivative of -w**4/12 + 2*w**3/3 - w. Let s be j(4). What is q(s)?
10
Let p(h) = 12*h - h**3 + 5*h**2 - 9*h**2 + 4 - 10*h. What is p(-4)?
-4
Let p(r) = -r - 4. Let i(j) = j**3 - 5*j**2 + 4*j - 6. Let x(f) = -f**3 + 8*f**2 - 6*f - 3. Suppose 19 = 3*b - 2. Let d be x(b). Let h be i(d). What is p(h)?
2
Suppose 0 = -5*v - 5*g - 135, -5*g + 15 + 34 = -3*v. Let u = v + 26. Let i(j) = j + 1. Calculate i(u).
4
Let c = 46 + -51. Let f(m) = m - 5. Give f(c).
-10
Let m = -1 + 1. Let g(o) = -2*o + 2 + o**2 + m*o**2 - o. Let j(y) = -y**3 + 6*y**2 - 5*y + 3. Let d be j(5). What is g(d)?
2
Suppose -5*n + 3 = -3*w + 13, 3*n = 4*w - 17. Let j = -9 + w. Let a(t) = t**2 + 7*t + 6. What is a(j)?
-6
Suppose -3*d - 2*d - 10 = 0. Let l(p) be the first derivative of -p**4/4 - p + 10. Give l(d).
7
Let a(p) = 20*p**3 - 7*p**2 - 3*p - 4. Let s(w) = 13*w**3 - 5*w**2 - 2*w - 3. Let f(u) = -5*a(u) + 7*s(u). Suppose -n + 6*n - 3 = -2*i, i = -n. Give f(n).
-9
Let m(r) = 4*r**2 + 6*r - 8. Let f(d) = -3*d**2 - 6*d + 7. Let q(k) = -5*f(k) - 4*m(k). Suppose 26*s - 155 = -5*s. What is q(s)?
2
Let w(d) = 4*d**2 + 3*d - 4. Let f(o) = -3*o**2 - 4*o + 5. Let l(z) = -3*f(z) - 4*w(z). What is l(1)?
-6
Let k be 0*(9/(-6))/3. Let o(j) be the second derivative of -j**3/6 + 5*j**2/2 + j. Calculate o(k).
5
Let c(w) = -7*w**3 - w**2 + 9*w - 4. Let p(a) = -4*a**3 + 5*a - 2. Let o(z) = -3*c(z) + 5*p(z). What is o(-4)?
-6
Suppose -2*m = -5*o - 32, -o = -m + 4 - 0. Let f(t) = -t**2 - 9*t - 2. What is f(o)?
6
Let w(i) be the second derivative of i**5/20 - i**4/2 + i**3/6 + 5*i**2/2 + 19*i. What is w(6)?
11
Let h(t) = 5*t - 19. Let c(u) = -3*u + 10. Let i(w) = -7*c(w) - 4*h(w). Determine i(0).
6
Let n = -54 + 51. Let l(m) = m**2 + 3*m. Calculate l(n).
0
Let i(s) = -s**3 + 6*s**2 - 5*s + 3. Let q be i(5). Let g(k) = 2*k - 1. Give g(q).
5
Let t(f) = 6*f + 4. Let x(b) = 7*b + 5. Let h(c) = 6*t(c) - 5*x(c). Determine h(3).
2
Let l(n) = n**2 + 5*n + 3. Suppose -u - 7 = 2*z, -4 = u + u - z. What is l(u)?
-3
Let q(g) = -4*g - 7*g + 5*g + g**2 - 6 + 0. Determine q(6).
-6
Let p(x) = x**2 + 3*x - 5. Suppose 3*m - 8 = -m. Suppose 2*v - 4*v = -6. Suppose 0 = -v*l + 3, -3*i = m*i - 4*l + 24. Calculate p(i).
-1
Let v(b) = b**2 + 7*b + 12. Let s be v(-6). Let w(u) = u - 5. Give w(s).
1
Let j be 5/(5 + 0) - (0 + 2). Let a(n) = 2*n + 1 - 2*n**2 - 3*n + n**2. Let u(p) = -10*p**2 - 4*p + 3. Let l(x) = 3*a(x) - u(x). What is l(j)?
6
Let l(f) = 3*f + 45. Let q(z) = -3. Let s(h) = 2*l(h) + 30*q(h). Let d(n) = n**2 - 5*n - 7. Let b be d(6). Calculate s(b).
-6
Let o(s) be the second derivative of -s**5/20 + s**3/6 - 13*s**2/2 + 4*s. Determine o(0).
-13
Let r(o) = -o**3 - o**2 - 7*o + 1. Let j(q) = q**3 + q**2 + q + 1. Let s(y) = 2*j(y) + r(y). Calculate s(3).
24
Let f(n) = -3*n**3 - n**2 - n - 1. Let z be f(-1). Let o(